t are the prime factors of 8608900484?
2, 43, 67, 719, 1039
What are the prime factors of 27522328?
2, 3440291
What are the prime factors of 302687089?
302687089
What are the prime factors of 167557163?
83, 2018761
List the prime factors of 6189397.
37, 409
List the prime factors of 65933441.
7, 9419063
List the prime factors of 752336290.
2, 5, 75233629
List the prime factors of 136807307.
7, 13, 1503377
List the prime factors of 1629305481.
3, 577, 941251
What are the prime factors of 1029336311?
7643, 134677
List the prime factors of 15121534.
2, 17, 23, 61, 317
List the prime factors of 2366752191.
3, 788917397
What are the prime factors of 9950635?
5, 739, 2693
What are the prime factors of 4040217608?
2, 7, 19, 151, 25147
List the prime factors of 21334633.
29, 223, 3299
What are the prime factors of 1233388784?
2, 37, 2083427
What are the prime factors of 43832762?
2, 21916381
List the prime factors of 1485694897.
1485694897
What are the prime factors of 486393828?
2, 3, 40532819
List the prime factors of 2404350197.
61, 646157
What are the prime factors of 19589445?
3, 5, 23, 701
List the prime factors of 819057327.
3, 11, 521, 47639
What are the prime factors of 155627973?
3, 1223, 1571
List the prime factors of 36420040.
2, 5, 23, 31, 1277
What are the prime factors of 684365175?
3, 5, 13, 17, 13763
What are the prime factors of 165694635?
3, 5, 3682103
List the prime factors of 1949298735.
3, 5, 6949, 18701
What are the prime factors of 1159835778?
2, 3, 17, 577, 6569
List the prime factors of 3390082179.
3, 11, 89, 1154267
List the prime factors of 463912159.
29, 15996971
What are the prime factors of 55421545?
5, 41, 409, 661
List the prime factors of 108501360.
2, 3, 5, 11, 73, 563
What are the prime factors of 446536702?
2, 223268351
What are the prime factors of 424373787?
3, 31, 281, 5413
What are the prime factors of 193600391?
37, 5232443
List the prime factors of 23848897.
23848897
What are the prime factors of 2832907760?
2, 5, 35411347
What are the prime factors of 14218151?
53, 268267
List the prime factors of 2337952890.
2, 3, 5, 7, 13, 856393
What are the prime factors of 937875843?
3, 7817, 13331
List the prime factors of 64238546.
2, 17, 1889369
What are the prime factors of 1071328921?
13, 82409917
List the prime factors of 26533935.
3, 5, 589643
What are the prime factors of 99389983?
7, 11, 97, 1901
What are the prime factors of 119063414?
2, 59531707
List the prime factors of 238329673.
19, 34747
What are the prime factors of 31234527?
3, 379, 9157
List the prime factors of 39124545.
3, 5, 2608303
What are the prime factors of 1022865554?
2, 17, 29, 131, 7919
What are the prime factors of 45917357?
17, 19, 142159
What are the prime factors of 590761704?
2, 3, 13, 1893467
What are the prime factors of 209297073?
3, 1283, 54377
List the prime factors of 30992697.
3, 61, 56453
List the prime factors of 78368002.
2, 337, 116273
What are the prime factors of 426108413?
426108413
List the prime factors of 169929005.
5, 569, 59729
List the prime factors of 3153551532.
2, 3, 262795961
What are the prime factors of 1228734380?
2, 5, 103, 5791
What are the prime factors of 4078281503?
4078281503
What are the prime factors of 3268164507?
3, 17, 23, 163, 17093
What are the prime factors of 146645454?
2, 3, 839, 29131
List the prime factors of 9539390.
2, 5, 7, 136277
List the prime factors of 390452834.
2, 195226417
What are the prime factors of 562668720?
2, 3, 5, 17, 137909
List the prime factors of 205793221.
31, 6638491
List the prime factors of 138387185.
5, 27677437
List the prime factors of 4051126255.
5, 11, 73656841
List the prime factors of 3145150135.
5, 629030027
List the prime factors of 512539037.
109, 197, 23869
List the prime factors of 647235610.
2, 5, 7, 1320889
What are the prime factors of 76818668?
2, 19204667
What are the prime factors of 3346146130?
2, 5, 334614613
What are the prime factors of 150912692?
2, 7, 5389739
What are the prime factors of 621540306?
2, 3, 34530017
List the prime factors of 84480162.
2, 3, 13, 1083079
What are the prime factors of 559300893?
3, 47, 419, 9467
List the prime factors of 576779399.
7, 82397057
List the prime factors of 316685056.
2, 1237051
List the prime factors of 119956391.
31, 3869561
What are the prime factors of 1597396086?
2, 3, 11, 13, 31, 6673
List the prime factors of 3151458551.
23, 137019937
List the prime factors of 115256138.
2, 57628069
List the prime factors of 776722134.
2, 3, 83, 1559683
What are the prime factors of 44312118?
2, 3, 661, 11173
What are the prime factors of 101466871?
11, 9224261
What are the prime factors of 969615246?
2, 3, 161602541
What are the prime factors of 4497736093?
4497736093
List the prime factors of 41943275.
5, 11, 43, 3547
List the prime factors of 3101312415.
3, 5, 67, 521, 5923
List the prime factors of 97724600.
2, 5, 19, 25717
What are the prime factors of 133685881?
7, 19, 52903
What are the prime factors of 3531111929?
4783, 738263
What are the prime factors of 110350924?
2, 47, 586973
What are the prime factors of 1123954161?
3, 11, 113, 301409
List the prime factors of 87244608.
2, 3, 11, 101, 409
What are the prime factors of 157657189?
1069, 147481
List the prime factors of 34044657.
3, 11348219
What are the prime factors of 2236909141?
2797, 799753
List the prime factors of 728647313.
139, 5242067
List the prime factors of 922877484.
2, 3, 23, 137, 24407
List the prime factors of 135994863.
3, 45331621
What are the prime factors of 266652676?
2, 1459, 45691
List the prime factors of 172841733.
3, 19204637
List the prime factors of 1071913492.
2, 13, 1759, 11719
List the prime factors of 6071101211.
7, 229, 353, 10729
List the prime factors of 2451969825.
3, 5, 853, 38327
What are the prime factors of 41291007?
3, 13763669
What are the prime factors of 3751403331?
3, 13, 167, 575987
What are the prime factors of 310663434?
2, 3, 1619, 31981
What are the prime factors of 117064419?
3, 39021473
List the prime factors of 1118013052.
2, 13, 21500251
List the prime factors of 6550867.
2383, 2749
List the prime factors of 31847022.
2, 3, 311, 5689
What are the prime factors of 219036525?
3, 5, 2920487
List the prime factors of 792061850.
2, 5, 443, 35759
List the prime factors of 213356083.
213356083
List the prime factors of 569859538.
2, 2549, 111781
List the prime factors of 1032366258.
2, 3, 7, 11, 277, 2689
List the prime factors of 80289581.
80289581
What are the prime factors of 2020007166?
2, 3, 163, 173, 11939
List the prime factors of 69659665.
5, 13931933
What are the prime factors of 2574901861?
7, 367843123
What are the prime factors of 3900136630?
2, 5, 13, 29, 109, 9491
What are the prime factors of 4777630?
2, 5, 11, 13, 257
List the prime factors of 4756125.
3, 5, 11, 1153
What are the prime factors of 457581524?
2, 157, 281, 2593
What are the prime factors of 1840413250?
2, 5, 13, 367, 1543
What are the prime factors of 22711309?
293, 77513
What are the prime factors of 216194552?
2, 7, 37, 151, 691
What are the prime factors of 1417134657?
3, 472378219
List the prime factors of 9801888.
2, 3, 102103
What are the prime factors of 27122454?
2, 3, 1506803
List the prime factors of 231763310.
2, 5, 3623, 6397
List the prime factors of 3786972132.
2, 3, 315581011
List the prime factors of 88420724.
2, 7, 47, 67189
List the prime factors of 890329437.
3, 98925493
List the prime factors of 1891094621.
13, 11189909
List the prime factors of 1784429204.
2, 3109, 143489
What are the prime factors of 98593550?
2, 5, 11, 179261
What are the prime factors of 399697170?
2, 3, 5, 3391, 3929
What are the prime factors of 367489069?
37, 2749, 3613
List the prime factors of 56804006.
2, 7, 1091, 3719
What are the prime factors of 172251507?
3, 43, 131, 10193
List the prime factors of 1812886435.
5, 362577287
List the prime factors of 1184030447.
367, 3226241
List the prime factors of 259997161.
259997161
What are the prime factors of 261302653?
1429, 182857
What are the prime factors of 166958935?
5, 11, 13, 233509
What are the prime factors of 2047853055?
3, 5, 136523537
What are the prime factors of 114988213?
73, 79, 127, 157
What are the prime factors of 153216994?
2, 7, 61, 179411
List the prime fact